20560 is divided by 13?
6
Calculate the remainder when 15832981 is divided by 418.
395
Calculate the remainder when 14103914 is divided by 68.
34
Calculate the remainder when 1889615 is divided by 163.
119
What is the remainder when 2345368 is divided by 1172653?
62
What is the remainder when 4141526 is divided by 47?
27
What is the remainder when 585134 is divided by 45006?
56
Calculate the remainder when 14623121 is divided by 1228.
97
What is the remainder when 17462 is divided by 5600?
662
What is the remainder when 210497 is divided by 1376?
1345
Calculate the remainder when 229953 is divided by 3109.
2996
What is the remainder when 36613 is divided by 3015?
433
What is the remainder when 20239043 is divided by 470675?
18
Calculate the remainder when 57372 is divided by 1335.
1302
Calculate the remainder when 1136364 is divided by 321.
24
What is the remainder when 26150012 is divided by 81?
53
What is the remainder when 276345303 is divided by 2469?
9
Calculate the remainder when 83219 is divided by 83033.
186
Calculate the remainder when 196988 is divided by 28137.
29
What is the remainder when 1115319 is divided by 222796?
1339
Calculate the remainder when 193833 is divided by 149.
133
What is the remainder when 618101 is divided by 2081?
44
What is the remainder when 1547702 is divided by 193447?
126
What is the remainder when 115103549 is divided by 64?
61
Calculate the remainder when 22522863 is divided by 703839.
15
Calculate the remainder when 63076 is divided by 4466.
552
What is the remainder when 202754 is divided by 50608?
322
What is the remainder when 262078247 is divided by 19?
18
Calculate the remainder when 54084978 is divided by 1744676.
22
What is the remainder when 2150528 is divided by 2150285?
243
What is the remainder when 21684673 is divided by 1602?
1
What is the remainder when 777218 is divided by 336?
50
Calculate the remainder when 1134853 is divided by 172.
169
Calculate the remainder when 513977 is divided by 9.
5
Calculate the remainder when 44725 is divided by 3995.
780
Calculate the remainder when 3422098 is divided by 102.
100
What is the remainder when 3719114 is divided by 300?
14
Calculate the remainder when 97637421 is divided by 5424.
5421
Calculate the remainder when 7513895 is divided by 50.
45
What is the remainder when 3156820 is divided by 147?
142
What is the remainder when 45833 is divided by 409?
25
What is the remainder when 1799643 is divided by 6227?
40
Calculate the remainder when 414787495 is divided by 51848436.
7
What is the remainder when 7781672 is divided by 199530?
2
Calculate the remainder when 2233488 is divided by 2233406.
82
What is the remainder when 379671512 is divided by 42?
38
What is the remainder when 160582 is divided by 8913?
148
What is the remainder when 70851026 is divided by 29?
24
Calculate the remainder when 21168523 is divided by 268.
7
What is the remainder when 5204372 is divided by 41?
37
What is the remainder when 353134 is divided by 353009?
125
What is the remainder when 19567167 is divided by 945?
942
Calculate the remainder when 12242248 is divided by 941707.
57
Calculate the remainder when 9907771 is divided by 621.
337
What is the remainder when 1865896 is divided by 186589?
6
Calculate the remainder when 182607 is divided by 22764.
495
Calculate the remainder when 1357435 is divided by 3402.
37
Calculate the remainder when 2864052 is divided by 61.
41
What is the remainder when 171039 is divided by 96?
63
What is the remainder when 8981651 is divided by 378?
371
Calculate the remainder when 9735886 is divided by 20.
6
What is the remainder when 2154567 is divided by 2802?
2631
Calculate the remainder when 3945413 is divided by 90.
83
What is the remainder when 2909608 is divided by 9547?
7320
Calculate the remainder when 26882 is divided by 1270.
212
Calculate the remainder when 3092935 is divided by 618587.
0
What is the remainder when 602019 is divided by 319?
66
What is the remainder when 19465892 is divided by 256130?
12
What is the remainder when 1223955 is divided by 111264?
51
What is the remainder when 19545886 is divided by 16?
14
What is the remainder when 1895995 is divided by 33262?
61
What is the remainder when 16874217 is divided by 1382?
1379
What is the remainder when 461323 is divided by 1830?
163
Calculate the remainder when 5859764 is divided by 22.
20
What is the remainder when 51228 is divided by 23863?
3502
What is the remainder when 11137988 is divided by 1178?
1176
Calculate the remainder when 118686 is divided by 341.
18
What is the remainder when 1669370 is divided by 133?
87
What is the remainder when 3050977 is divided by 338997?
4
Calculate the remainder when 1775095 is divided by 11.
3
Calculate the remainder when 1014767 is divided by 29846.
3
What is the remainder when 1107862 is divided by 20903?
3
Calculate the remainder when 1191770 is divided by 55.
30
What is the remainder when 996025 is divided by 349?
328
What is the remainder when 267791506 is divided by 406?
402
Calculate the remainder when 16822030 is divided by 48.
46
What is the remainder when 77269 is divided by 74?
13
What is the remainder when 613866 is divided by 2895?
126
What is the remainder when 2933020 is divided by 5608?
36
Calculate the remainder when 1346564 is divided by 192364.
16
What is the remainder when 37405821 is divided by 233?
1
What is the remainder when 2874922 is divided by 931?
925
What is the remainder when 98139 is divided by 6029?
1675
What is the remainder when 3916260 is divided by 3?
0
Calculate the remainder when 588816 is divided by 3755.
3036
Calculate the remainder when 51175969 is divided by 21.
19
What is the remainder when 1122306 is divided by 5129?
4184
What is the remainder when 15220581 is divided by 531?
528
What is the remainder when 9216801 is divided by 887?
871
Calculate the remainder when 227251 is divided by 35.
31
What is the remainder when 2203739 is divided by 649?
384
Calculate the remainder when 112773 is divided by 350.
73
Calculate the remainder when 548525 is divided by 271687.
5151
Calculate the remainder when 22057 is divided by 1100.
57
What is the remainder when 34768329 is divided by 543?
39
Calculate the remainder when 161639 is divided by 3435.
194
Calculate the remainder when 950367 is divided by 189281.
3962
What is the remainder when 102507 is divided by 1051?
560
What is the remainder when 339224 is divided by 5066?
4868
Calculate the remainder when 1048579 is divided by 1584.
1555
What is the remainder when 201145 is divided by 8039?
170
What is the remainder when 296520 is divided by 2746?
2698
Calculate the remainder when 5066303 is divided by 1385.
1358
Calculate the remainder when 23958 is divided by 4629.
813
What is the remainder when 31897121 is divided by 53429?
8
What is the remainder when 148304 is divided by 219?
41
Calculate the remainder when 15389740 is divided by 29941.
66
Calculate the remainder when 1275023683 is divided by 4251.
4249
Calculate the remainder when 14124 is divided by 13796.
328
Calculate the remainder when 16513413 is divided by 1651341.
3
What is the remainder when 12088707 is divided by 165?
147
Calculate the remainder when 109988309 is divided by 79.
6
Calculate the remainder when 40033 is divided by 976.
17
Calculate the remainder when 316276 is divided by 14371.
114
Calculate the remainder when 44532 is divided by 22027.
478
What is the remainder when 79273014 is divided by 4733?
4730
Calculate the remainder when 27841 is divided by 4232.
2449
What is the remainder when 50141 is divided by 12529?
25
Calculate the remainder when 177745098 is divided by 81.
75
What is the remainder when 65767923 is divided by 9686?
9669
What is the remainder when 153869936 is divided by 2134?
0
Calculate the remainder when 338729 is divided by 587.
30
Calculate the remainder when 204993591 is divided by 7192.
15
What is the remainder when 75064996 is divided by 12510831?
10
Calculate the remainder when 313918 is divided by 394.
294
What is the remainder when 800696 is divided by 6618?
6536
Calculate the remainder when 1582050 is divided by 58.
42
What is the remainder when 1345113 is divided by 244?
185
What is the remainder when 11314242 is divided by 234?
108
What